 (base 11) to base 7.
-20
-2 (base 3) to base 4
-2
What is 4 (base 15) in base 16?
4
Convert 22b (base 12) to base 10.
323
What is 6 (base 9) in base 14?
6
-2 (base 16) to base 11
-2
What is -80 (base 11) in base 13?
-6a
Convert -a (base 13) to base 6.
-14
Convert -18 (base 10) to base 8.
-22
What is 13 (base 8) in base 10?
11
What is 3 (base 14) in base 16?
3
What is 0 (base 11) in base 14?
0
-1 (base 9) to base 3
-1
Convert 27 (base 8) to base 16.
17
57 (base 15) to base 10
82
64 (base 16) to base 15
6a
-27 (base 15) to base 10
-37
What is 9 (base 15) in base 6?
13
6 (base 9) to base 2
110
-2 (base 14) to base 4
-2
Convert 21 (base 6) to base 14.
d
Convert 17 (base 9) to base 7.
22
-271 (base 8) to base 15
-c5
-1 (base 13) to base 6
-1
4 (base 12) to base 2
100
What is 3 (base 8) in base 10?
3
-11 (base 8) to base 14
-9
Convert -2 (base 8) to base 4.
-2
Convert 3 (base 5) to base 13.
3
What is 1 (base 8) in base 7?
1
Convert 1 (base 8) to base 5.
1
What is 56 (base 7) in base 9?
45
Convert 35 (base 13) to base 9.
48
-2 (base 7) to base 12
-2
Convert -4 (base 11) to base 2.
-100
Convert 1 (base 5) to base 15.
1
213 (base 13) to base 3
111010
What is -213 (base 5) in base 12?
-4a
What is 2c (base 13) in base 12?
32
What is -42 (base 8) in base 6?
-54
Convert -2 (base 11) to base 14.
-2
-2 (base 8) to base 14
-2
Convert 4f (base 16) to base 14.
59
Convert -db (base 14) to base 2.
-11000001
-1 (base 11) to base 5
-1
What is b (base 16) in base 14?
b
What is -8 (base 12) in base 8?
-10
Convert 3 (base 14) to base 2.
11
What is 14 (base 5) in base 10?
9
1 (base 14) to base 2
1
1 (base 5) to base 9
1
Convert 0 (base 8) to base 15.
0
Convert 10011 (base 2) to base 16.
13
62 (base 10) to base 2
111110
Convert -5 (base 7) to base 13.
-5
Convert 1231 (base 4) to base 9.
131
Convert -1100 (base 2) to base 6.
-20
What is 21 (base 14) in base 2?
11101
-304 (base 7) to base 13
-b8
Convert -2333 (base 4) to base 11.
-164
-2 (base 8) to base 3
-2
-1 (base 7) to base 9
-1
10 (base 6) to base 7
6
-2b (base 12) to base 2
-100011
What is 22 (base 3) in base 11?
8
What is 35 (base 9) in base 7?
44
What is 42 (base 8) in base 13?
28
Convert -11 (base 2) to base 13.
-3
Convert 11 (base 5) to base 15.
6
-1202 (base 3) to base 5
-142
What is -1010 (base 3) in base 7?
-42
-430 (base 5) to base 9
-137
Convert 95 (base 11) to base 16.
68
What is -1 (base 8) in base 2?
-1
Convert 1 (base 4) to base 16.
1
Convert 213 (base 4) to base 6.
103
What is 15 (base 8) in base 10?
13
What is 2 (base 6) in base 8?
2
Convert 13 (base 13) to base 14.
12
5 (base 9) to base 12
5
Convert 16 (base 16) to base 6.
34
What is 2 (base 5) in base 14?
2
-27 (base 9) to base 5
-100
What is -b (base 15) in base 5?
-21
Convert ac (base 13) to base 12.
ba
Convert 7 (base 16) to base 14.
7
What is 111 (base 9) in base 11?
83
What is 311 (base 9) in base 5?
2003
What is -5 (base 16) in base 7?
-5
What is 138 (base 15) in base 14?
15c
What is -2 (base 15) in base 12?
-2
-101 (base 3) to base 2
-1010
What is 2 (base 9) in base 2?
10
What is 2 (base 16) in base 14?
2
What is 101 (base 2) in base 10?
5
5 (base 7) to base 8
5
2 (base 13) to base 12
2
What is 1 (base 11) in base 4?
1
8 (base 12) to base 8
10
Convert ae (base 15) to base 11.
13a
Convert 4 (base 9) to base 3.
11
Convert -2 (base 12) to base 15.
-2
What is 3 (base 9) in base 5?
3
-43 (base 7) to base 12
-27
-1221 (base 4) to base 3
-10220
Convert 6 (base 15) to base 13.
6
Convert 0 (base 16) to base 2.
0
23 (base 14) to base 4
133
-93 (base 16) to base 6
-403
-4 (base 8) to base 11
-4
Convert -1103 (base 4) to base 8.
-123
What is 3 (base 15) in base 6?
3
Convert 2 (base 6) to base 13.
2
Convert -2 (base 11) to base 8.
-2
Convert -25 (base 16) to base 9.
-41
What is 110000 (base 2) in base 6?
120
11 (base 13) to base 14
10
What is -4 (base 6) in base 13?
-4
Convert 21 (base 11) to base 12.
1b
Convert -1 (base 9) to base 5.
-1
-2 (base 15) to base 7
-2
What is 8 (base 11) in base 5?
13
What is -1 (base 9) in base 11?
-1
Convert 10 (base 12) to base 2.
1100
What is -11010011 (base 2) in base 6?
-551
What is 18 (base 12) in base 2?
10100
Convert d (base 14) to base 16.
d
4 (base 9) to base 7
4
What is -1 (base 7) in base 14?
-1
-212 (base 10) to base 7
-422
-d9 (base 16) to base 11
-188
What is -2 (base 4) in base 2?
-10
36 (base 8) to base 4
132
-24 (base 15) to base 2
-100010
-1 (base 11) to base 15
-1
f (base 16) to base 13
12
Convert 11 (base 5) to base 10.
6
-11 (base 6) to base 13
-7
4c (base 14) to base 3
2112
What is -72 (base 9) in base 2?
-1000001
What is 10110 (base 2) in base 9?
24
Convert 18 (base 14) to base 7.
31
What is -63 (base 9) in base 13?
-45
Convert -200 (base 4) to base 11.
-2a
What is -11 (base 7) in base 5?
-13
39 (base 10) to base 16
27
3 (base 9) to base 15
3
-113 (base 9) to base 6
-233
What is -8a (base 13) in base 2?
-1110010
What is 1001 (base 2) in base 8?
11
Convert 0 (base 7) to base 16.
0
-2 (base 16) to base 10
-2
Convert 17 (base 11) to base 5.
33
-2 (base 3) to base 2
-10
-18b (base 13) to base 4
-10130
What is 3 (base 14) in base 10?
3
What is 53 (base 7) in base 8?
46
What is -15 (base 6) in base 12?
-b
Convert -5 (base 9) to base 14.
-5
-6 (base 12) to base 11
-6
Convert -131 (base 4) to base 3.
-1002
What is 80 (base 12) in base 2?
1100000
What is -24 (base 8) in base 14?
-16
10 (base 5) to base 7
5
Convert -1 (base 15) to base 3.
-1
What is 31 (base 6) in base 12?
17
What is -206 (base 7) in base 4?
-1220
Convert -9 (base 10) to base 15.
-9
Convert -18 (base 13) to base 2.
-10101
Convert 104 (base 13) to base 10.
173
What is 3 (base 14) in base 8?
3
What is 8 (base 16) in base 4?
20
Convert 83 (base 13) to base 8.
153
Convert 23 (base 8) to base 11.
18
2 (base 13) to base 14
2
What is -6 (base 8) in base 12?
-6
221 (base 9) to base 10
181
Convert -100 (base 2) to base 5.
-4
What is -1110 (base 2) in base 3?
-112
Convert 30 (base 6) to base 15.
13
Convert -212 (base 5) to base 7.
-111
What is -1011 (base 2) in base 13?
-b
-1 (base 5) to base 6
-1
Convert 2 (base 11) to base 3.
2
What is -220 (base 4) in base 5?
-130
1 (base 8) to base 11
1
-20 (base 4) to base 13
-8
What is 16 (base 14) in base 3?
202
What is -21 (base 4) in base 13?
-9
What is 152 (base 11) in base 2?
10110010
Convert 22 (base 12) to base 14.
1c
What is -19 (base 11) in base 6?
-32
What is -3 (base 10) in base 15?
-3
Convert -20110 (base 3) to base 4.
-2232
Convert -25 (base 10) to base 6.
-41
-1010 (base 2) to base 6
-14
83 (base 10) to base 5
313
What is 214 (base 10) in base 12?
15a
Convert 10110110 (base 2) to base 9.
222
Convert -29 (base 14) to base 3.
-1101
6 (base 11) to base 14
6
What is 0 (base 2) in base 14?
0
150 (base 6) to base 13
51
-1110 (base 2) to base 8
-16
Convert 12 (base 3) to base 15.
5
What is -17 (base 10) in base 13?
-14
Convert 54 (base 14) to base 12.
62
What is 0 (base 16) in base 15?
0
3a (base 12) to base 15
31
Convert 4 (base 7) to base 15.
4
Convert -146 (base 7) to base 13.
-65
What is 13 (base 6) in base 3?
100
What is -20 (base 4) in base 12?
-8
Convert 15 (base 10) to base 9.
16
What is 19 (base 10) in base 9?
21
Convert -10 (base 10) to base 7.
-13
Convert 1004 (base 6) to base 8.
334
What is -3 (base 9) in base 15?
-3
16 (base 14) to base 8
24
Convert -323 (base 4) to base 2.
-111011
-10 (base 2) to base 5
-2
-10 (base 2) to base 16
-2
-114 (base 13) to base 15
-c6
What is 5 (base 16) in base 8?
5
c (base 14) to base 12
10
Convert -54 (base 13) to base 16.
-45
What is 23 (base 7) in base 11?
16
-102 (base 3) to base 5
-21
Convert 19 (base 13) to base 8.
26
What is 34 (base 15) in base 3?
1211
What is 9 (base 11) in base 8?
11
What is -d1 (base 14) in base 3?
-20210
Convert -c (base 15) to base 7.
-15
Convert -44 (base 12) to base 11.
-48
Convert 12 (base 9) to base 4.
23
What is -63 (base 7) in base 16?
-2d
What is 54 (base 6) in base 3?
1021
What is -25 (base 14) in base 12?
-29
What is -11 (base 10) in base 13?
-b
12 (base 10) to base 15
c
-152 (base 15) to base 16
-12e
What is 11 (base 2) in base 10?
3
What is 10 (base 16) in base 13?
13
Convert 195 (base 15) to base 5.
2430
Convert 1 (base 12) to base 10.
1
Convert -6 (base 16) to base 7.
-6
b3 (base 15) to base 5
1133
-270 (base 9) to b